{"id":17827,"date":"2023-12-15T17:27:44","date_gmt":"2023-12-15T16:27:44","guid":{"rendered":"https:\/\/fujifilmprint.eu\/?post_type=lp&#038;p=17827"},"modified":"2023-12-20T10:31:23","modified_gmt":"2023-12-20T09:31:23","slug":"packageopenhouse","status":"publish","type":"lp","link":"https:\/\/fujifilmprint.eu\/cs\/lp\/packageopenhouse\/","title":{"rendered":"Den otev\u0159en\u00fdch dve\u0159\u00ed pro balen\u00ed 2024"},"content":{"rendered":"<section id=\"study-header\">\r\n\t<div class=\"container-fluid black-pt\" style=\"background-image: url('https:\/\/fujifilmprint.eu\/wp-content\/uploads\/2023\/10\/flexiblepackagingarticle-headerbanner-2500x800-1.jpg');background-size: cover;padding: 0;\">\r\n\t<div class=\"overlay\" style=\"padding: 200px 0;\">\t\t<div class=\"container\">\r\n\t\t\t<h3>\r\n\t\t\t\tVa\u0161e pozv\u00e1n\u00ed k n\u00e1m\t\t\t<\/h3>\r\n\t\t\t<h2>\r\n\t\t\t\tDen otev\u0159en\u00fdch dve\u0159\u00ed pro balen\u00ed\t\t\t<\/h2>\r\n\t\t<\/div>\r\n\t<\/div>\t<\/div>\r\n<\/section>\n\n<div style=\"height:20px;\">\n<\/div>\n\n<section id=\"txt-header\">\n\t<div class=\"container block-text-header\">\n\t\t<h3>\u017div\u00e1 ud\u00e1lost<\/h3>\n\t\t<h2><\/h2>\n\t\t<p><p>Jsme r\u00e1di, \u017ee v\u00e1s m\u016f\u017eeme pozvat k Fujifilmu na akci Packaging Open House ve dnech 12., 13., 14. a 15. \u00fanora 2024 v m\u00edst\u011b na\u0161eho prvn\u00edho digit\u00e1ln\u00edho flexibiln\u00edho balic\u00edho lisu Jet Press FP790 instalovan\u00e9ho ve Spojen\u00e9m kr\u00e1lovstv\u00ed. Akce p\u0159edstav\u00ed na\u0161i \u0161irokou \u0161k\u00e1lu analogov\u00fdch a digit\u00e1ln\u00edch obalov\u00fdch \u0159e\u0161en\u00ed.<\/p>\n<p><strong><span style=\"color: #ff00ff;\">\u017dIV\u00c1 UK\u00c1ZKA<\/span><\/strong><\/p>\n<p><span dir=\"ltr\" role=\"presentation\">Sou\u010d\u00e1st\u00ed dne otev\u0159en\u00fdch dve\u0159\u00ed bude workshop veden\u00fd prvn\u00edm evropsk\u00fdm z\u00e1kazn\u00edkem Jet Press FP790. Spole\u010dnost Fujifilm <\/span><span dir=\"ltr\" role=\"presentation\">pr\u016fkopnick\u00fd digit\u00e1ln\u00ed lis na flexibiln\u00ed obaly byl ofici\u00e1ln\u011b p\u0159edstaven na veletrhu Interpack 2023 a jako prvn\u00ed <\/span><span dir=\"ltr\" role=\"presentation\">Evropsk\u00e1 beta zku\u0161ebn\u00ed verze byla velmi \u00fasp\u011b\u0161n\u00e1. Z\u00e1kazn\u00edk se pod\u011bl\u00ed o sv\u00e9 pracovn\u00ed zku\u0161enosti <\/span><span dir=\"ltr\" role=\"presentation\">s tiskem podrobnosti o jejich \u0161ir\u0161\u00edm partnerstv\u00ed se spole\u010dnost\u00ed Fujifilm a provede demonstraci <\/span><span dir=\"ltr\" role=\"presentation\">stroj v akci.<\/span><\/p>\n<p><img loading=\"lazy\" decoding=\"async\" class=\"aligncenter wp-image-15923\" src=\"https:\/\/fujifilmprint.eu\/wp-content\/uploads\/2023\/09\/fp790-featuredimage-1000x548-1.png\" alt=\"komer\u010dn\u00ed tisk\u00e1rna fp790\" width=\"800\" height=\"438\" srcset=\"https:\/\/fujifilmprint.eu\/wp-content\/uploads\/2023\/09\/fp790-featuredimage-1000x548-1.png 1000w, https:\/\/fujifilmprint.eu\/wp-content\/uploads\/2023\/09\/fp790-featuredimage-1000x548-1-300x164.png 300w, https:\/\/fujifilmprint.eu\/wp-content\/uploads\/2023\/09\/fp790-featuredimage-1000x548-1-768x421.png 768w\" sizes=\"auto, (max-width: 800px) 100vw, 800px\" \/><\/p>\n<\/p>\n\t<\/div>\n<\/section>\n\n<section id=\"txt-header\">\n\t<div class=\"container block-text-header\">\n\t\t<h3><\/h3>\n\t\t<h2><\/h2>\n\t\t<p><p><span dir=\"ltr\" role=\"presentation\">Krom\u011b Jet Press FP790,<\/span> <span dir=\"ltr\" role=\"presentation\">p\u0159edstav\u00edme n\u00e1\u0161 sortiment flexo v\u00fdrobk\u016f, v\u010detn\u011b<\/span> <span dir=\"ltr\" role=\"presentation\">\u017e\u00edt<\/span><br role=\"presentation\" \/><span dir=\"ltr\" role=\"presentation\">uk\u00e1zky na\u0161ich tal\u00ed\u0159\u016f Flenex na myt\u00ed vodou a zp\u011btn\u00e1 vazba z prvn\u00ed ruky<\/span> <span dir=\"ltr\" role=\"presentation\">v\u00fdroba desek <\/span><span dir=\"ltr\" role=\"presentation\">t\u00fdm. Vyu\u017eijete tak\u00e9 mo\u017enost nav\u0161t\u00edvit m\u00edstn\u00ed UV LED tisk\u00e1rnu etiket, kter\u00e1 bude <\/span><span dir=\"ltr\" role=\"presentation\">demonstrovat na\u0161e<\/span> <span dir=\"ltr\" role=\"presentation\">LED vytvrzovac\u00ed syst\u00e9m LuXtreme a inkousty CuremaX. Bude tak\u00e9 p\u0159\u00edle\u017eitost <\/span><span dir=\"ltr\" role=\"presentation\">vid\u011bt na tomto m\u00edst\u011b vlastn\u00ed v\u00fdrobu plech\u016f<\/span> <span dir=\"ltr\" role=\"presentation\">z\u00e1kaznick\u00e9 str\u00e1nky.<\/span><\/p>\n<p class=\"react-pdf__Page__textContent textLayer\" data-main-rotation=\"0\"><strong><span dir=\"ltr\" style=\"color: #ff00ff;\" role=\"presentation\">WORKSHOPY<\/span><\/strong><\/p>\n<p class=\"react-pdf__Page__textContent textLayer\" data-main-rotation=\"0\"><span dir=\"ltr\" role=\"presentation\">Uskute\u010dn\u00ed se tak\u00e9 \u0159ada workshop\u016f, jejich\u017e t\u00e9maty budou:<\/span> <span dir=\"ltr\" role=\"presentation\">budoucnost inkoustov\u00e9 technologie pro <\/span><span dir=\"ltr\" role=\"presentation\">obal<\/span><span dir=\"ltr\" role=\"presentation\">; vitr\u00edna ti\u0161t\u011bn\u00fdch vzork\u016f; prezentace partner\u016f Fujifilm <\/span><span dir=\"ltr\" role=\"presentation\">Nordmeccanica, <\/span><span dir=\"ltr\" role=\"presentation\">Infigo, Henkel, Hybrid a mnoho dal\u0161\u00edch, stejn\u011b jako dal\u0161\u00ed \u017eiv\u00e9 uk\u00e1zky tisku na Jet Press <\/span><span dir=\"ltr\" role=\"presentation\">FP790.<\/span><\/p>\n<p class=\"react-pdf__Page__textContent textLayer\" data-main-rotation=\"0\"><strong><span dir=\"ltr\" role=\"presentation\">Pros\u00edm potvr\u010fte svou \u00fa\u010dast co nejd\u0159\u00edve, abyste si zajistili sv\u00e9 m\u00edsto.<\/span><\/strong><\/p>\n<div class=\"endOfContent\"><\/div>\n<\/p>\n\t<\/div>\n<\/section>\n\n<div id=\"contact\"><\/div>\n\n<section id=\"dark-form\">\n\t<div id=\"footer-form\" class=\"container\">\n\t\t<h2>Zaregistrujte sv\u016fj z\u00e1jem na n\u00e1\u0161 Den otev\u0159en\u00fdch dve\u0159\u00ed pro balen\u00ed:<\/h2>\n\n\t\t<script src=\"\/\/info.fujifilm.eu\/js\/forms2\/js\/forms2.min.js\"><\/script> <form id=\"mktoForm_5938\" action=\"\"><input type=\"hidden\" name=\"trp-form-language\" value=\"cs\"\/><\/form> <script>MktoForms2.loadForm(\"\/\/info.fujifilm.eu\", \"060-MIY-956\", 5938);<\/script>\n\t\t<div id=\"confirmform\" style=\"visibility:hidden;\">\n                            <p><strong>\n\t\t\t\t\tD\u011bkujeme za dotaz, brzy se n\u011bkdo ozve.\t\t\t\t\t<\/strong><\/p>\n              \n        <\/div>\n\t<\/div>\n<\/section>","protected":false},"template":"","class_list":["post-17827","lp","type-lp","status-publish","hentry"],"acf":[],"yoast_head":"<!-- This site is optimized with the Yoast SEO plugin v22.0 - https:\/\/yoast.com\/wordpress\/plugins\/seo\/ -->\n<title>Packaging Open House 2024<\/title>\n<meta name=\"robots\" content=\"index, follow, max-snippet:-1, max-image-preview:large, max-video-preview:-1\" \/>\n<link rel=\"canonical\" href=\"https:\/\/fujifilmprint.eu\/cs\/lp\/packageopenhouse\/\" \/>\n<meta property=\"og:locale\" content=\"cs_CZ\" \/>\n<meta property=\"og:type\" content=\"article\" \/>\n<meta property=\"og:title\" content=\"Packaging Open House 2024\" \/>\n<meta property=\"og:url\" content=\"https:\/\/fujifilmprint.eu\/cs\/lp\/packageopenhouse\/\" \/>\n<meta property=\"og:site_name\" content=\"Fujifilm Print EMEA\" \/>\n<meta property=\"article:modified_time\" content=\"2023-12-20T09:31:23+00:00\" \/>\n<meta name=\"twitter:card\" content=\"summary_large_image\" \/>\n<script type=\"application\/ld+json\" class=\"yoast-schema-graph\">{\"@context\":\"https:\/\/schema.org\",\"@graph\":[{\"@type\":\"WebPage\",\"@id\":\"https:\/\/fujifilmprint.eu\/lp\/packagingopenhouse\/\",\"url\":\"https:\/\/fujifilmprint.eu\/lp\/packagingopenhouse\/\",\"name\":\"Packaging Open House 2024\",\"isPartOf\":{\"@id\":\"https:\/\/fujifilmprint.eu\/#website\"},\"datePublished\":\"2023-12-15T16:27:44+00:00\",\"dateModified\":\"2023-12-20T09:31:23+00:00\",\"breadcrumb\":{\"@id\":\"https:\/\/fujifilmprint.eu\/lp\/packagingopenhouse\/#breadcrumb\"},\"inLanguage\":\"cs\",\"potentialAction\":[{\"@type\":\"ReadAction\",\"target\":[\"https:\/\/fujifilmprint.eu\/lp\/packagingopenhouse\/\"]}]},{\"@type\":\"BreadcrumbList\",\"@id\":\"https:\/\/fujifilmprint.eu\/lp\/packagingopenhouse\/#breadcrumb\",\"itemListElement\":[{\"@type\":\"ListItem\",\"position\":1,\"name\":\"Home\",\"item\":\"https:\/\/fujifilmprint.eu\/\"},{\"@type\":\"ListItem\",\"position\":2,\"name\":\"Landing Pages\",\"item\":\"https:\/\/fujifilmprint.eu\/lp\/\"},{\"@type\":\"ListItem\",\"position\":3,\"name\":\"Packaging Open House 2024\"}]},{\"@type\":\"WebSite\",\"@id\":\"https:\/\/fujifilmprint.eu\/#website\",\"url\":\"https:\/\/fujifilmprint.eu\/\",\"name\":\"Fujifilm Print EMEA\",\"description\":\"\",\"publisher\":{\"@id\":\"https:\/\/fujifilmprint.eu\/#organization\"},\"potentialAction\":[{\"@type\":\"SearchAction\",\"target\":{\"@type\":\"EntryPoint\",\"urlTemplate\":\"https:\/\/fujifilmprint.eu\/?s={search_term_string}\"},\"query-input\":\"required name=search_term_string\"}],\"inLanguage\":\"cs\"},{\"@type\":\"Organization\",\"@id\":\"https:\/\/fujifilmprint.eu\/#organization\",\"name\":\"Fujifilm Print EMEA\",\"url\":\"https:\/\/fujifilmprint.eu\/\",\"logo\":{\"@type\":\"ImageObject\",\"inLanguage\":\"cs\",\"@id\":\"https:\/\/fujifilmprint.eu\/#\/schema\/logo\/image\/\",\"url\":\"https:\/\/fujifilmprint.eu\/wp-content\/uploads\/2022\/07\/fujifilm-1.png\",\"contentUrl\":\"https:\/\/fujifilmprint.eu\/wp-content\/uploads\/2022\/07\/fujifilm-1.png\",\"width\":416,\"height\":70,\"caption\":\"Fujifilm Print EMEA\"},\"image\":{\"@id\":\"https:\/\/fujifilmprint.eu\/#\/schema\/logo\/image\/\"}}]}<\/script>\n<!-- \/ Yoast SEO plugin. -->","yoast_head_json":{"title":"Den otev\u0159en\u00fdch dve\u0159\u00ed pro balen\u00ed 2024","robots":{"index":"index","follow":"follow","max-snippet":"max-snippet:-1","max-image-preview":"max-image-preview:large","max-video-preview":"max-video-preview:-1"},"canonical":"https:\/\/fujifilmprint.eu\/cs\/lp\/packageopenhouse\/","og_locale":"cs_CZ","og_type":"article","og_title":"Packaging Open House 2024","og_url":"https:\/\/fujifilmprint.eu\/cs\/lp\/packageopenhouse\/","og_site_name":"Fujifilm Print EMEA","article_modified_time":"2023-12-20T09:31:23+00:00","twitter_card":"summary_large_image","schema":{"@context":"https:\/\/schema.org","@graph":[{"@type":"WebPage","@id":"https:\/\/fujifilmprint.eu\/lp\/packagingopenhouse\/","url":"https:\/\/fujifilmprint.eu\/lp\/packagingopenhouse\/","name":"Den otev\u0159en\u00fdch dve\u0159\u00ed pro balen\u00ed 2024","isPartOf":{"@id":"https:\/\/fujifilmprint.eu\/#website"},"datePublished":"2023-12-15T16:27:44+00:00","dateModified":"2023-12-20T09:31:23+00:00","breadcrumb":{"@id":"https:\/\/fujifilmprint.eu\/lp\/packagingopenhouse\/#breadcrumb"},"inLanguage":"cs","potentialAction":[{"@type":"ReadAction","target":["https:\/\/fujifilmprint.eu\/lp\/packagingopenhouse\/"]}]},{"@type":"BreadcrumbList","@id":"https:\/\/fujifilmprint.eu\/lp\/packagingopenhouse\/#breadcrumb","itemListElement":[{"@type":"ListItem","position":1,"name":"Home","item":"https:\/\/fujifilmprint.eu\/"},{"@type":"ListItem","position":2,"name":"Landing Pages","item":"https:\/\/fujifilmprint.eu\/lp\/"},{"@type":"ListItem","position":3,"name":"Packaging Open House 2024"}]},{"@type":"WebSite","@id":"https:\/\/fujifilmprint.eu\/#website","url":"https:\/\/fujifilmprint.eu\/","name":"Fujifilm Print EMEA","description":"","publisher":{"@id":"https:\/\/fujifilmprint.eu\/#organization"},"potentialAction":[{"@type":"SearchAction","target":{"@type":"EntryPoint","urlTemplate":"https:\/\/fujifilmprint.eu\/?s={search_term_string}"},"query-input":"required name=search_term_string"}],"inLanguage":"cs"},{"@type":"Organization","@id":"https:\/\/fujifilmprint.eu\/#organization","name":"Fujifilm Print EMEA","url":"https:\/\/fujifilmprint.eu\/","logo":{"@type":"ImageObject","inLanguage":"cs","@id":"https:\/\/fujifilmprint.eu\/#\/schema\/logo\/image\/","url":"https:\/\/fujifilmprint.eu\/wp-content\/uploads\/2022\/07\/fujifilm-1.png","contentUrl":"https:\/\/fujifilmprint.eu\/wp-content\/uploads\/2022\/07\/fujifilm-1.png","width":416,"height":70,"caption":"Fujifilm Print EMEA"},"image":{"@id":"https:\/\/fujifilmprint.eu\/#\/schema\/logo\/image\/"}}]}},"_links":{"self":[{"href":"https:\/\/fujifilmprint.eu\/cs\/wp-json\/wp\/v2\/lp\/17827","targetHints":{"allow":["GET"]}}],"collection":[{"href":"https:\/\/fujifilmprint.eu\/cs\/wp-json\/wp\/v2\/lp"}],"about":[{"href":"https:\/\/fujifilmprint.eu\/cs\/wp-json\/wp\/v2\/types\/lp"}],"wp:attachment":[{"href":"https:\/\/fujifilmprint.eu\/cs\/wp-json\/wp\/v2\/media?parent=17827"}],"curies":[{"name":"wp","href":"https:\/\/api.w.org\/{rel}","templated":true}]}}

Den otevřených dveří pro balení 2024

<section id="study-header">
	<div class="container-fluid black-pt" style="background-image: url('https://fujifilmprint.eu/wp-content/uploads/2023/10/flexiblepackagingarticle-headerbanner-2500x800-1.jpg');background-size: cover;padding: 0;">
	<div class="overlay" style="padding: 200px 0;">		<div class="container">
			<h3>
				Vaše pozvání k nám			</h3>
			<h2>
				Den otevřených dveří pro balení			</h2>
		</div>
	</div>	</div>
</section>

<div style="height:20px;">
</div>

<section id="txt-header">
	<div class="container block-text-header">
		<h3>Živá událost</h3>
		<h2></h2>
		<p><p>Jsme rádi, že vás můžeme pozvat k Fujifilmu na akci Packaging Open House ve dnech 12., 13., 14. a 15. února 2024 v místě našeho prvního digitálního flexibilního balicího lisu Jet Press FP790 instalovaného ve Spojeném království. Akce představí naši širokou škálu analogových a digitálních obalových řešení.</p>
<p><strong><span style="color: #ff00ff;">ŽIVÁ UKÁZKA</span></strong></p>
<p><span dir="ltr" role="presentation">Součástí dne otevřených dveří bude workshop vedený prvním evropským zákazníkem Jet Press FP790. Společnost Fujifilm </span><span dir="ltr" role="presentation">průkopnický digitální lis na flexibilní obaly byl oficiálně představen na veletrhu Interpack 2023 a jako první </span><span dir="ltr" role="presentation">Evropská beta zkušební verze byla velmi úspěšná. Zákazník se podělí o své pracovní zkušenosti </span><span dir="ltr" role="presentation">s tiskem podrobnosti o jejich širším partnerství se společností Fujifilm a provede demonstraci </span><span dir="ltr" role="presentation">stroj v akci.</span></p>
<p><img loading="lazy" decoding="async" class="aligncenter wp-image-15923" src="https://fujifilmprint.eu/wp-content/uploads/2023/09/fp790-featuredimage-1000x548-1.png" alt="komerční tiskárna fp790" width="800" height="438" srcset="https://fujifilmprint.eu/wp-content/uploads/2023/09/fp790-featuredimage-1000x548-1.png 1000w, https://fujifilmprint.eu/wp-content/uploads/2023/09/fp790-featuredimage-1000x548-1-300x164.png 300w, https://fujifilmprint.eu/wp-content/uploads/2023/09/fp790-featuredimage-1000x548-1-768x421.png 768w" sizes="auto, (max-width: 800px) 100vw, 800px" /></p>
</p>
	</div>
</section>

<section id="txt-header">
	<div class="container block-text-header">
		<h3></h3>
		<h2></h2>
		<p><p><span dir="ltr" role="presentation">Kromě Jet Press FP790,</span> <span dir="ltr" role="presentation">představíme náš sortiment flexo výrobků, včetně</span> <span dir="ltr" role="presentation">žít</span><br role="presentation" /><span dir="ltr" role="presentation">ukázky našich talířů Flenex na mytí vodou a zpětná vazba z první ruky</span> <span dir="ltr" role="presentation">výroba desek </span><span dir="ltr" role="presentation">tým. Využijete také možnost navštívit místní UV LED tiskárnu etiket, která bude </span><span dir="ltr" role="presentation">demonstrovat naše</span> <span dir="ltr" role="presentation">LED vytvrzovací systém LuXtreme a inkousty CuremaX. Bude také příležitost </span><span dir="ltr" role="presentation">vidět na tomto místě vlastní výrobu plechů</span> <span dir="ltr" role="presentation">zákaznické stránky.</span></p>
<p class="react-pdf__Page__textContent textLayer" data-main-rotation="0"><strong><span dir="ltr" style="color: #ff00ff;" role="presentation">WORKSHOPY</span></strong></p>
<p class="react-pdf__Page__textContent textLayer" data-main-rotation="0"><span dir="ltr" role="presentation">Uskuteční se také řada workshopů, jejichž tématy budou:</span> <span dir="ltr" role="presentation">budoucnost inkoustové technologie pro </span><span dir="ltr" role="presentation">obal</span><span dir="ltr" role="presentation">; vitrína tištěných vzorků; prezentace partnerů Fujifilm </span><span dir="ltr" role="presentation">Nordmeccanica, </span><span dir="ltr" role="presentation">Infigo, Henkel, Hybrid a mnoho dalších, stejně jako další živé ukázky tisku na Jet Press </span><span dir="ltr" role="presentation">FP790.</span></p>
<p class="react-pdf__Page__textContent textLayer" data-main-rotation="0"><strong><span dir="ltr" role="presentation">Prosím potvrďte svou účast co nejdříve, abyste si zajistili své místo.</span></strong></p>
<div class="endOfContent"></div>
</p>
	</div>
</section>

<div id="contact"></div>

<section id="dark-form">
	<div id="footer-form" class="container">
		<h2>Zaregistrujte svůj zájem na náš Den otevřených dveří pro balení:</h2>

		<script src="//info.fujifilm.eu/js/forms2/js/forms2.min.js"></script> <form id="mktoForm_5938" action=""><input type="hidden" name="trp-form-language" value="cs"/></form> <script>MktoForms2.loadForm("//info.fujifilm.eu", "060-MIY-956", 5938);</script>
		<div id="confirmform" style="visibility:hidden;">
                            <p><strong>
					Děkujeme za dotaz, brzy se někdo ozve.					</strong></p>
              
        </div>
	</div>
</section>
